12/(-8) + 3)*100?
2, 3, 5
Suppose -d - d + 4 = 0. Suppose -d*q = 2*n, 0 = -4*n + 3*q + 2*q. Suppose n = 3*x + 2*x - 45. What are the prime factors of x?
3
List the prime factors of 0/(-1 - 1) - -2.
2
Let x(m) = -8*m - 11. List the prime factors of x(-5).
29
Suppose -10 = -5*t + 10. Let s = t - 2. List the prime factors of s.
2
List the prime factors of 2/(-8)*0 + 58.
2, 29
Let q(p) = -6*p + 6*p - 3 + 4*p. Suppose -3*j + 2 = -10. What are the prime factors of q(j)?
13
Let o = 171 - 110. Let j = o - 93. Let w = -17 - j. List the prime factors of w.
3, 5
Let r be 96/12 - (1 + 0). Let w = 2 + r. List the prime factors of w.
3
Suppose -21 = -0*m + m + 5*o, 21 = 4*m - o. Suppose -4*u + 2*s = -3*s + 8, 0 = m*u - 3*s. What are the prime factors of u?
3
Suppose -24 = 2*u + 2*u. Let a = -51 + 30. What are the prime factors of 28*(a/u + -3)?
2, 7
Let a(t) = 5*t**2 - 3*t + 27. What are the prime factors of a(-7)?
293
Let f = -65 - -125. List the prime factors of f.
2, 3, 5
Let g(v) be the first derivative of -v**4/4 - v**2/2 + 6*v + 2. Suppose -4*s + 2 = l, -2*l = s - 3 - 1. List the prime factors of g(s).
2, 3
Suppose 190 = -19*i + 24*i. What are the prime factors of i?
2, 19
What are the prime factors of 1800/16 + (3/2)/(-3)?
2, 7
Let w be ((-4)/(-3))/((-2)/3). Let s(v) = v**2 + 7*v - 6. Let z be s(-8). List the prime factors of (z/(-4))/(w/52).
13
What are the prime factors of (-97)/(-3) - (-2)/(-6)?
2
Let j(r) = r + 2. Suppose 2*p - 45 = -3*z, -2*z + 3*p + 3 = -14. What are the prime factors of j(z)?
3, 5
Let b = -23 - -25. Let z(t) = -5*t - 2. Let s be z(-2). What are the prime factors of 4*(-1)/b + s?
2, 3
Suppose -23 = b - 69. List the prime factors of b.
2, 23
Let l(w) = w**2 + 6*w - 4. Let b(d) = d**2 + 7*d - 8. Let a be b(-7). What are the prime factors of l(a)?
2, 3
Suppose -3*w + 183 = 15. List the prime factors of w.
2, 7
Let l = 0 - -7. Let b = 9 - l. Suppose 0 = j + b*j - 42. List the prime factors of j.
2, 7
Suppose -3*x = 4*g - 9, -3*x + 2*g = -3*g - 9. Suppose 2*u - x = -3*n + 41, u = n + 22. List the prime factors of u.
2, 11
Let n(z) = -z**3 + 5*z**2 + 3*z + 5. List the prime factors of n(5).
2, 5
Let i be (6/24)/(2/40). Suppose p - i = -0*p. List the prime factors of p.
5
Suppose -5*b - 4*a = -b - 540, 3*a = -b + 143. What are the prime factors of b?
131
Let d(i) = i**3 + 10*i**2 - 11*i + 38. What are the prime factors of d(-10)?
2, 37
Suppose 5*p - 67 = 43. What are the prime factors of p?
2, 11
Let s(t) = t**3 - 2*t**2 - 6*t + 4. List the prime factors of s(4).
2, 3
Suppose 92 = 4*v + u, 2*u = -2*v + 3*v - 23. What are the prime factors of v?
23
Let x(u) = -7 + u + 3*u + 1. Let d be (-138)/(-33) + 2/(-11). What are the prime factors of x(d)?
2, 5
Let l(u) = -u**2 + 4*u - 1. Let z be l(3). Let d be (-15)/(z - 5)*14. Suppose 0 = -0*h + 5*h - d. What are the prime factors of h?
2, 7
Let s(l) = 3*l + 3 - 4*l - 2*l + 4*l. What are the prime factors of s(3)?
2, 3
Suppose 4*h = 68 + 36. List the prime factors of h.
2, 13
What are the prime factors of (9/(-2))/(3/(-30))?
3, 5
Suppose 0 = -o + 7 + 38. List the prime factors of o.
3, 5
Let f(z) = -z**3 - 7*z**2 - 6*z + 5. Let o be f(-6). Suppose 0 = 4*l + o*s + 3 + 2, 4*l - 40 = 4*s. What are the prime factors of l?
5
Suppose 6*b - 3*b = 9. Suppose b*c + 3*m = -2*c + 137, -3*c + 5*m = -55. List the prime factors of c.
5
Let c be (-15)/(-6) - 2/4. Suppose -j + 3 = c*j. Let y = 4 + j. List the prime factors of y.
5
Suppose 4*b + 2*d + 2 = 28, 0 = b - d - 2. What are the prime factors of b?
5
Suppose 2*b - 6 = -b. Suppose 0 = -b*y + 5 + 17. Let a = y - 2. List the prime factors of a.
3
Let r be 11/3 + 2/(-3). Suppose -2*g + 3*c + 39 = 0, r*g - g = -3*c + 21. What are the prime factors of g?
3, 5
Let h = -36 - -53. List the prime factors of h.
17
Suppose -2*j - 102 = -5*j. What are the prime factors of j?
2, 17
Let x(s) = -7*s + 8. Let d be x(2). Let p(l) = -l - 1. Let i(c) = c**2 + 14*c - 2. Let b(q) = -i(q) - 6*p(q). List the prime factors of b(d).
2, 5
Let g = 408 - 250. List the prime factors of g.
2, 79
List the prime factors of 768/(-20)*75/(-10).
2, 3
Suppose a - 4*t = 6*a, -3*t = 15. Let y(l) = -l + 8. Let n be y(6). Suppose -14 = -o - 2*k, -o - n*o + a*k = -12. What are the prime factors of o?
2
Let a(g) = 2*g**2 + g. Let z be a(-1). Let c(r) = 5*r**2 + 2*r - 1. What are the prime factors of c(z)?
2, 3
Let g be ((-20)/(-25))/(1/5). Suppose i + 7 = 5*n - i, 8 = -g*n + 5*i. Suppose n*b - 5 - 1 = 0. What are the prime factors of b?
2
Suppose 0 = -2*n - 2*q + 36, -2*q - 48 = -4*n + 6. Suppose 0 = 4*l + 16 + 8. Let v = n + l. What are the prime factors of v?
3
Let h = -44 - -68. List the prime factors of h.
2, 3
Suppose 0*w - 4*w = -32. Let z(s) = 3*s - 12. What are the prime factors of z(w)?
2, 3
Suppose c = n + 44, -4*n + 104 = c + 2*c. Let g = -5 + 8. Suppose -l - 22 = -3*z, -5*l = -2*z - g*z + c. What are the prime factors of z?
7
Let l(x) = -x**3 - 5*x**2 - 6*x - 3. Let h be l(-4). Let c = h + 7. List the prime factors of c.
2, 3
Let o be -2 - (-2)/((-4)/(-10)). Suppose -4*v + 16 = -o*v. What are the prime factors of v?
2
Let w(h) = -h + 6. Suppose -d + 54 = -4*q + d, -5*q - 4*d = 35. List the prime factors of w(q).
17
Let c = 11 + -2. What are the prime factors of c?
3
Let s = -2 + 1. Let f(i) = -10*i + 1. List the prime factors of f(s).
11
Suppose -5*v + j + 1 = -14, -4*v - 5*j - 17 = 0. Let g = v + -1. Suppose 4*i + g = 17. What are the prime factors of i?
2
List the prime factors of 4 - -3*(-3 - -50).
5, 29
Suppose -60 = -q - 3*q. Suppose -c - 2*o = -3*c + 40, q = 2*c + 3*o. What are the prime factors of c?
3, 5
Suppose -4*i = -3 - 5. What are the prime factors of (-36)/(-2)*i/6?
2, 3
Suppose 0 = 3*b - 3*a - 180, 84 = 4*b - 5*a - 159. Suppose 4*p = i - 19, -i = 4*i - p - b. List the prime factors of i.
11
Let t(l) = -l**3 - 6*l**2 + 7*l + 6. Let s be t(-7). Let c = -1 - -6. Suppose -b + s = -3*f, 3 - 17 = -c*b - f. List the prime factors of b.
3
Let g(t) = 7*t**2 + 10*t + 9. Let w(o) = -8*o**2 - 10*o - 10. Let n(p) = -7*g(p) - 6*w(p). Let u be n(-4). Suppose h + 2*h = u. What are the prime factors of h?
7
Let t(a) = a**3 - a**2 - a + 9. List the prime factors of t(0).
3
Suppose c - 2 = q - 1, -2*c - 3 = 3*q. Let p(b) = -b**3 + b + 1. Let n be p(q). Let h(f) = 10*f**3 + f**2. List the prime factors of h(n).
11
Suppose 0 = d + 4*d. Suppose d = 5*p + 5, -5*p - 55 = -4*l - l. List the prime factors of l.
2, 5
Let l = 1311 - 884. List the prime factors of l.
7, 61
Let s = -8 + 13. Suppose -6 = -3*l + 2*b - 0*b, -b + 23 = s*l. List the prime factors of (-27)/18 - (-90)/l.
3, 7
Let h(z) = -9*z - 2. Let w = -2 + -1. List the prime factors of h(w).
5
Suppose -2*g - 14 = -38. Let i be (-4)/6 - (-68)/g. Let j = i + 9. List the prime factors of j.
2, 7
Let s be ((-3)/(-5))/((-2)/(-10)). Let f(p) = -p**3 + 2 + 0 + 3*p**2 + 2*p + 0*p**3 + p. List the prime factors of f(s).
11
Let h(g) = 5*g - 9. Let s be h(6). Suppose -d - 3 = -s. What are the prime factors of d?
2, 3
Let w be ((-9)/4)/((-6)/72). Let d = w - -17. What are the prime factors of 2/(-5) + d/10?
2
Let i = 98 + -68. List the prime factors of (-25)/2*i/(-25).
3, 5
What are the prime factors of (-1536)/(-10) + (-6)/(-15)?
2, 7, 11
Let b = -282 - -600. List the prime factors of b.
2, 3, 53
Let k(v) = 7*v**2 + 5*v - 12. Let u(z) = 6*z**2 + 5*z - 11. Let c(m) = -5*k(m) + 6*u(m). What are the prime factors of c(-7)?
2
Suppose -q + 12 = 2*k + q, -2*q = -2*k + 20. Let h be k/6*(-78)/(-4). Let w = -17 + h. What are the prime factors of w?
3
Suppose 3*o - 155 = -4*j + 3, -2*o = -5*j + 186. What are the prime factors of j?
2, 19
Let b(j) = j**2 - 11*j + 14. Let d be b(10). Suppose -32 = -d*t + 36. List the prime factors of t.
17
Suppose -4 - 2 = g. Let w = 11 + g. Suppose -3*o - 34 = -w*o. What are the prime factors of o?
17
Suppose -5*k = 4*b - 6 + 1, -5*b - 2 = -2*k. Suppose b = 2*h + 2 - 8. Suppose q - 5*v = h, 2*v = -3*q - 9 + 18. List the prime factors of q.
3
Suppose -3*y + 65 = -4*b, 6*y + 56 = -3*b + y. Let f = b + 41. What are the prime factors of f?
2, 3
Let f(b) = 0*b - 4*b + 8*b - 4*b**3 + 3. List the prime factors of f(-2).
3
Let m = -73 - -157. List the prime factors of m.
2, 3, 7
Let r = 479 - 273. List the prime factors of r.
